k).
-8
Let o(n) = -1 - 3*n**2 + 2*n**2 - 9 + 0. Give o(0).
-10
Suppose 3*s + 17 = 4*d, 0 = 2*s - 5*s - 9. Let c(u) be the second derivative of 0 + 1/2*u**d - 3*u - 1/6*u**3. What is c(-6)?
7
Let n(w) = -w**2 - 3*w - 1. Let k(h) = h**2 + 8*h - 1. Let o be k(-7). Let y be o/3*15/10. What is n(y)?
-5
Let g(l) = l**2 - 7. Let i(j) = -j**2 - 5*j + 2. Let v(t) = t**2 + 5*t - 3. Let z(b) = -5*i(b) - 6*v(b). Let p be z(-6). Suppose -p*u = u. Give g(u).
-7
Let o(l) = 3*l - 1. Let z = 2 + 0. Suppose t = -0*t + z. Calculate o(t).
5
Let c(z) be the first derivative of -z**2 + 0*z - z**3 + 1/3*z**4 - 2 - 7/60*z**5 + 1/120*z**6. Let l(d) be the second derivative of c(d). Calculate l(6).
6
Let n(l) be the third derivative of -l**4/12 + l**3/2 - 28*l**2. Let x(i) = -2*i. Let z be x(-1). Determine n(z).
-1
Let l be 2/(-5) - (-16)/40. Suppose l*y = 3*y - c - 4, 10 = -5*y + 5*c. Let q(x) = x + 4. Determine q(y).
7
Let w(l) = -33*l**2 - l - 5*l + 71*l**2 - 39*l**2. Calculate w(-5).
5
Let m(z) = 4*z + 1. Let k be (2/2)/((-3)/(-36)). Let t = -8 + k. Suppose t = 2*q + 8. Determine m(q).
-7
Let j(z) = z**3 + 5*z**2 + 3*z + 4. Let b(w) = -2*w**3 + 4*w**2 - 7*w + 10. Let h be b(2). Give j(h).
8
Suppose 0 = -y + 4. Suppose -y*t - 24 + 4 = 0. Let u(z) = z**2 + 5*z + 7. Determine u(t).
7
Let y(l) = -l**2 - 5*l**2 - 5 + l**3 - 2*l - 2*l**3 - 1. Give y(-5).
-21
Let s be (-1)/(-4) + 1/(-4). Let i(t) = 2*t**2 - 2*t - 1. Let w be i(2). Let a(z) = z**2 + w*z - 4 - z - z. Calculate a(s).
-4
Suppose 3*k + 15 = -2*v, 5*k + 25 = -v + 3*v. Let i(w) be the third derivative of 1/12*w**4 + 0*w + v + 2/3*w**3 + 2*w**2. Calculate i(-4).
-4
Suppose -3 = -2*c + 2*a - 5, 5*a + 1 = 3*c. Let i(t) = -t**2 - 5*t - 2. Let z be i(c). Let b = -6 + z. Let n(q) = -5*q - 2. What is n(b)?
8
Suppose 2*w + 0 + 4 = 0. Let v be (-1)/2 + (-5)/w. Let u(c) be the third derivative of c**4/6 + c**3/3 - 2*c**2. Give u(v).
10
Suppose -6*p = -7*p + 2. Let q(v) be the second derivative of 0 - 1/12*v**4 - 2*v**p - v**3 - v. Determine q(-4).
4
Let k be 2/((-24)/15 - -2). Let o(c) = -4 + 4*c**2 - 3*c**2 + k. Give o(0).
1
Let y(j) be the third derivative of -j**4/12 + j**3 + 33*j**2. Determine y(6).
-6
Let h(m) = 220 - m - 113 - 108. Let k(i) = i**3 + i**2 + i - 3. Let w be k(0). Calculate h(w).
2
Suppose -2*u + 0 + 6 = 0. Suppose u*x = x - 10. Let l(f) = -f**3 + 3 - 2*f - 4*f**2 + 3*f - f**2 + 0*f**2. Calculate l(x).
-2
Let s(a) = a - 1. Let t(r) = -r**2 + 10*r + 3. Let v(d) = -2*s(d) + t(d). Give v(8).
5
Let u(a) = a**3 + 5*a**2 + a - 3. Let k = -37 - -32. Determine u(k).
-8
Let h(a) = a**3 - 8*a**2 + 9*a - 9. Let l be h(7). Let d(n) be the third derivative of 1/60*n**5 + 0 + n**2 - 5/24*n**4 + 0*n - 2/3*n**3. Give d(l).
-4
Let f = 0 + 2. Let x(z) = 11*z**2 + 2. Let h(a) = 5*a**2 + 1. Let j(r) = 9*h(r) - 4*x(r). Determine j(f).
5
Let w = 7 - 4. Let d(g) be the second derivative of 5*g**3/6 + g**2/2 + 27*g. Determine d(w).
16
Let f(r) = r**2 - r. Let c be 0 + -3 - 86/(-2). Suppose -c = -5*b - 0. Let w = -10 + b. What is f(w)?
6
Suppose -3*b - 3*s = -4*b, -4*b - 3*s = 0. Let d(p) be the second derivative of 4*p + b + 1/12*p**4 - 2*p**2 + p**3. What is d(-5)?
-9
Let r be (-6)/10 - 81/15. Let q(f) = f**2 + 8*f + 4. Determine q(r).
-8
Let v(l) = -4*l**3 - l**2 + 1. Suppose 2 + 18 = 4*s. Let b(k) = -2*k - 1 + s - k**2 + 4*k. Let m be b(3). Calculate v(m).
-4
Let h be 4/4 - (-3 - 1). Let n(b) = -b - h + 1 + b**2 + 1. Let z = 3 + 1. Calculate n(z).
9
Let n(b) be the second derivative of 0*b**3 + 0 + 5/12*b**4 + 2*b + 0*b**2. Suppose 3 = -2*l + l, 4*l = -4*d - 16. Calculate n(d).
5
Let m(d) = -d**3 - 6*d**2 + d + 4. Suppose 0*t + t = f + 5, -2*t = -4*f - 14. Suppose -2*h - t*h = 30. Determine m(h).
-2
Suppose -20 = -4*d - d. Let n(w) = -7*w**3 - 3*w + 8*w**3 + d*w. Determine n(1).
2
Let x(j) = j**3 + j**2 - j + 2. Let b = 17 + -19. What is x(b)?
0
Let h(i) = -7*i - 7. Let z(w) = 3*w + 3. Let l(m) = 2*h(m) + 5*z(m). Suppose -5*c = 3*s + 3, 3*s - 5*c = -s - 39. Give l(s).
-5
Let s = 4 + -1. Suppose s*u = 6*u - 12. Suppose -u*c + 24 = 4*t, t + 0*t = 4. Let q(w) = w**3 - w**2 + w - 2. Calculate q(c).
4
Let v(u) = -3*u - 1. Let h(c) = -4*c + 3*c + 6*c - 4*c. Let x be h(-1). Determine v(x).
2
Let q(c) be the first derivative of 11 - 2*c**3 - 6 + c**3. What is q(1)?
-3
Let y(v) = v + 2. Let z = -133 + 130. Calculate y(z).
-1
Suppose 3*f - 19 = -4*t, -4*t - 3 = -f - 2. Let i(k) = 5*k**3. What is i(t)?
5
Suppose 0 = v + g, -4*v + 5*g = -0 - 27. Suppose 0 = -4*h - v*t - 4, -2*h + 2 = 3*h + 2*t. Let s(l) = l**3 - l**2 - l - 1. Give s(h).
1
Let j(o) be the third derivative of 7*o**4/24 + 21*o**2. Give j(-2).
-14
Let z(j) = -j**3 + 9*j**2 - 6*j - 11. Let m be z(8). Let v(o) = o**2 - 6*o - 2. Determine v(m).
-7
Let i(m) = 7*m + 10*m - 14*m. Determine i(-2).
-6
Let f(a) be the second derivative of a**6/360 - a**5/120 - a**3/2 - 3*a. Let z(p) be the second derivative of f(p). What is z(3)?
6
Let q = 10 - 14. Suppose 4*s - 3*s + 7 = 2*v, 5*v - 2*s - 16 = 0. Let f(i) = -4*i**2 - v*i - 6*i - i**3 - 4 + 5*i. What is f(q)?
8
Let r(q) = q**2 + q - 1. Let h(s) = -1. Let o(w) = -w + 9. Let x(i) = 2*h(i) + o(i). Let v be x(9). Calculate r(v).
1
Suppose -2*i - i = 0. Let b(x) = -x - 7. What is b(i)?
-7
Suppose u = 3*u + 4. Let q be (-2)/(-4)*(u + -2). Let h(w) = -w**2 + 2*w - 1. Determine h(q).
-9
Let f(d) = 4*d + 46. Let r be f(-11). Let z(l) be the second derivative of -r*l - 2/3*l**3 + 3/2*l**2 + 0. Give z(2).
-5
Suppose -6*w - 20 = -2*w + 2*n, -2*w + 5*n - 10 = 0. Let k(j) = -j**2 - 6*j + 5. What is k(w)?
10
Let t(u) = -u**2 - 5*u. Let q(j) be the first derivative of j**4/4 - 5*j**3/3 - 4*j**2 + 9*j - 3. Let l = 12 + -6. Let w be q(l). Determine t(w).
6
Let j(f) be the second derivative of f**5/20 + 5*f**4/12 - 7*f**3/6 - 9*f**2/2 + 7*f. Give j(-6).
-3
Let u(z) = z - 9. Let m(t) = 2*t**2 + 20*t + 18. Let n be m(-9). Determine u(n).
-9
Let o(w) = -w**3 + 9*w**2 - 8*w + 2. Let l = -77 - -85. Give o(l).
2
Suppose -4*m + m = 4*k - 35, 2*m = 2*k. Let l(a) = a**3 - 4*a**2 - 2*a - 7. Determine l(k).
8
Let f(k) be the first derivative of -2 - 5*k + 1/3*k**3 + 5/2*k**2. Let n be (1/2)/(2/(-20)). Give f(n).
-5
Let v(o) = -o**3 - 4*o**2 + 4*o - 5. Suppose 2*i + 11 = 1. Calculate v(i).
0
Let v(o) be the third derivative of 1/24*o**4 + 7/6*o**3 + 0*o + 0 + 1/60*o**5 + 3*o**2. Calculate v(0).
7
Let z(x) be the first derivative of -x**7/840 + x**6/72 + x**5/20 - x**4/8 - x**3 - 1. Let v(u) be the third derivative of z(u). Give v(6).
-3
Let v(i) = -i**3 - 5*i**2 - 4*i + 2. Suppose -5*q - 3*t = -4*q + 27, 0 = -4*t. Let k be ((-72)/q)/((-2)/3). What is v(k)?
2
Let d be 14/(0 + (2 - 0)). Let x(z) = -8*z - 3 + 4 + 2*z**3 + d*z. Let a(k) = k**2 + 3*k - 3. Let n be a(-4). Give x(n).
2
Suppose -x = -5*w - 10 - 0, -23 = -4*x + 3*w. Let h(u) = -x + u**3 - 3*u + 5*u**2 + 6 - 2*u. Calculate h(-6).
-5
Let s(g) = 4*g + 5. Let t(u) = 7*u + 9. Let m(p) = 11*s(p) - 6*t(p). Let j(x) = 2*x + 1. Let l(n) = -3*j(n) + 4*m(n). Let b be 12 + -6 - (1 - -2). What is l(b)?
7
Suppose 7 = 3*f + 1. Let i(y) be the third derivative of -1/3*y**3 + 2*y**f + 0*y + 0 + 1/24*y**4. Determine i(5).
3
Suppose y = -4 - 0. Let j(m) = 2*m + 3. Give j(y).
-5
Let a(m) = -m**3 - 8*m**2 - 8*m - 2. Let u be a(-7). Let k(f) be the first derivative of -f**4/4 + 4*f**3/3 + 3*f**2 + 3*f + 1. What is k(u)?
8
Let x(o) = o - 6. Let p be 10 - -3 - 0/1. Let r = -9 + p. Suppose -2*y = j + y - 5, -r*j + 20 = -5*y. Calculate x(j).
-1
Suppose 0 = 2*x - 3*x + 4. Let u(h) = 7*h**2 - 4*h + 5. Let v(i) = -i + 1. Let k(p) = x*v(p) - u(p). Calculate k(1).
-8
Let a(z) = 5*z**3 - 2*z**2 + 1. Let o(w) = 2*w - 3. Let d be o(4). Let l(y) = -5*y**2 + 2*y + 1. Let i be l(-1). Let k = i + d. Calculate a(k).
-6
Let a(g) = -g**2 - 5*g + 18. Let m be a(-8). Let x(r) = -2*r - 9. What is x(m)?
3
Let z(c) be the first derivative of -c**3/3 - 5*c**2/2 + 2*c - 56. Let o be (18/8 + -1)*-4. Calculate z(o).
2
Let n(p) = p**2 - 6 - 2*p**2 + 3 + 6*p. Let s be n(6). Let z(u) = -u**3 - 2 - 2*u**2 + 1 + u**2 - u**2 + u. Calculate z(s).
5
Let h(a) = -a**3 + 2*a**2 - 4*a + 2. Suppose 0 = -5*q - 4*w - 30, 0*w = -5*w - 25. Let y be 3 + q*(-2)/(-4). Determine h(y).
-6
Let b(m) be the first derivative of m**2/2 - 4*m - 2. Let q = -1 - -1. Suppose -y 